 hundreds digit of k?
2
Let r = -17739 - -19864. What is the hundreds digit of r?
1
Suppose 0 = 8227*h - 8222*h - 47270. What is the units digit of h?
4
Suppose 155520 = u + 35*u. Suppose 30*b - u = 24*b. What is the hundreds digit of b?
7
What is the tens digit of 3 + -7 - (-8 + -6674)?
7
What is the tens digit of -8 - (-21 + 4) - -17817?
2
Suppose -20*f + 52582 = -33298. What is the hundreds digit of f?
2
Suppose -5*a - 2*t + 6*t + 163 = 0, 2*t + 4 = 0. Let m(n) = 26*n**2 - 4*n - 2. Let f be m(-2). Let p = f - a. What is the tens digit of p?
7
Let h(o) = -o**2 + 11*o - 13. Let t be h(9). Suppose -b + 30 = t*l + 1, 0 = 2*b + 5*l - 33. Suppose -b*x = -97 - 283. What is the tens digit of x?
9
Let h be ((-1)/3)/(13/(-19032)). What is the tens digit of (h - 13)*3/5 - 4?
8
Suppose 76*k = 90*k - 140. Suppose b - 1752 = -2*u, -5*b + 876 = k*u - 9*u. What is the hundreds digit of u?
8
Suppose 0*h - 5*h + 130 = 0. Suppose h = -s + 2*j + 140, 4*j - 332 = -3*s. Suppose -5*v + 100 = -3*q - 482, -5*q = -v + s. What is the hundreds digit of v?
1
Let i(d) = -2*d**2 + 2*d + d - 9*d - 8 - 2*d. Let y be i(-4). Let r = 41 + y. What is the units digit of r?
3
Let d(m) be the third derivative of -m**6/120 - m**5/12 - m**4/4 - 31*m**3/6 - 2*m**2 - 26. What is the tens digit of d(-9)?
4
Suppose 8 = 6*q - 2*q. Let x(j) = 0 + 5*j - 9 - 3 + q. What is the tens digit of x(7)?
2
Let t = 720 - 460. Let r = t + -135. What is the tens digit of r?
2
Suppose 23*a - 6*a = 145588. What is the tens digit of a?
6
Let m = -4211 - -7333. What is the hundreds digit of m?
1
Suppose -557 = -2*v - q - 20, 0 = -4*v + 4*q + 1092. What is the tens digit of v?
7
Suppose 339184 = 95*l - 53736. What is the tens digit of l?
3
Suppose 462*v + 463*v - 933*v = -85088. What is the units digit of v?
6
Let r be (5 + (-2)/4)*4/(-6). Let a be 1/((-5)/r) - (-24308)/20. Suppose -448 = 6*v - a. What is the units digit of v?
8
Let l(z) = -14*z - 137. Suppose -470*p + 472*p + 54 = 0. What is the units digit of l(p)?
1
Let s = -3756 - -5391. Suppose 0 = -0*p - 3*p + s. What is the tens digit of p?
4
Suppose 0 = -4*o + 9*o - 650. Let n be 26196/28 + (300/140)/5. Suppose -n = -136*i + o*i. What is the units digit of i?
6
Let j(y) = -y**3 + 9*y**2 + 23*y - 5. Let v = 80 - 69. Let m be j(v). What is the units digit of 47 + ((-15)/m)/(-5)*-6?
4
Suppose z - 7055 = 4*t - 1163, 4*z + 3*t = 23473. What is the hundreds digit of z?
8
Suppose 314*t = 11560 - 50182. Let o be (12/2 - 0)*-66. Let g = t - o. What is the tens digit of g?
7
Let w(v) = -21*v - 40. Let f(z) = -z**2 + 7*z + 4. Let c be f(8). What is the units digit of w(c)?
4
Suppose 0 = -808*n + 380*n + 27141620. What is the hundreds digit of n?
4
Suppose 0 = -l - 500*v + 498*v + 5166, -l - 6*v = -5194. What is the units digit of l?
2
Suppose g + g = 26. Let b(h) = -h**2 + 4*h. Let j(n) = 6*n**2 - 23*n + 9. Let u(y) = 4*b(y) + j(y). What is the tens digit of u(g)?
5
Let z(c) be the first derivative of -c**3/6 + 12*c**2 - c + 18. Let r(n) be the first derivative of z(n). What is the units digit of r(11)?
3
Let i = -1521 + 21365. What is the units digit of i?
4
Let c = 4 + 1. Suppose 14 = 2*o - m - 10, 0 = -2*o + c*m + 24. Let l = o + 52. What is the units digit of l?
4
Let v(r) = -33*r + 21. Let n be (-2 + -1)*(-20)/15. Suppose -5*s - 2 - 9 = n*y, -2*s + 2 = 0. What is the hundreds digit of v(y)?
1
Let p be 283/3 - 1 - 4/(-6). Let q = -87 + p. Suppose d = 3*j + 99, 4*j - 405 = -4*d + q*j. What is the tens digit of d?
0
Let r = -16 - -18. What is the units digit of ((-21)/(-18))/(1/171)*r?
9
Let d be ((-8)/6)/(3 - (-55)/(-18)). Let y be (148/16)/((-2)/d). Let q = y - -200. What is the tens digit of q?
8
Let y(w) = -w**3 - w**2 + w - 1. Let c(j) = 3*j**3 + 3*j**2 + 4*j + 11. Let k(h) = c(h) + 4*y(h). Let t be k(-3). What is the units digit of (t - 8/(-6))*15?
5
Let y(a) = 2*a + 13. Let v be y(-4). Suppose 5 = -v*j, -3*r - 2*j + 9 - 2 = 0. What is the units digit of r?
3
Let w(l) = -3*l**2 + 8*l + 28. Let u be w(0). What is the thousands digit of (-12)/u - 104216/(-98)?
1
Suppose -92*b + 2552993 - 973953 = -21*b. What is the units digit of b?
0
Let w(b) = 2*b**2 - 41*b + 90. Let p be w(18). Suppose 15*f - 4*s + 4463 = 20*f, p = -2*s - 6. What is the units digit of f?
5
Let x = 164 - 155. Suppose 8 = -x*g + 2042. What is the units digit of g?
6
Let j(n) = n**2 - 17*n - 76. Let r(q) = q**2 - 18*q - 77. Let w(f) = 7*j(f) - 6*r(f). Let m be w(16). What is the units digit of (-30)/(-4)*(-1 - (-46)/m)?
7
Let c(p) = -p**3 + 27*p**2 - 53*p + 78. Let j be c(25). Suppose -2*t = 2*t + 3*u - 3159, 3*u = -9. Suppose -l = j*l - t. What is the tens digit of l?
9
Let j be ((45/10)/9)/((-2)/(-28)). Let r(d) = -3*d**2 + 4*d - 25. Let t(b) = -b**2 + b - 8. Let v(f) = -6*r(f) + 17*t(f). What is the units digit of v(j)?
4
Suppose -79391 = -4*q - 5*s, -3*q + 8567 = 3*s - 50980. What is the tens digit of q?
5
What is the tens digit of (-30)/(-4)*(-10752)/(-10)?
6
Suppose -6*q = 30 + 18. Let a be (q/(-14))/((-4)/(-28)). Suppose 0 = -j + a*p - p + 111, 0 = 2*j + p - 229. What is the hundreds digit of j?
1
Suppose 0 = 3*g + 4*s - 23, -g - 3*s + 16 - 5 = 0. Suppose 5*o - 1650 = -5*h, g*o + 313 + 1337 = 5*h. What is the units digit of h?
0
Suppose 4*o = -o - n + 526, -2*o - 3*n = -213. Let m = o + 17. What is the hundreds digit of m?
1
Suppose -122*i + 1012 = -123*i. What is the hundreds digit of (-138)/(-8)*2*i/(-66)?
5
Let r(v) = -103*v + 21. Let g be ((42/(-5))/(-7))/((-4)/10). What is the hundreds digit of r(g)?
3
Suppose i = 2*i - 5*n - 129, 4*n - 349 = -3*i. Let v = 51 + i. What is the tens digit of v?
7
What is the hundreds digit of (-42577974)/(-1881) - (-4)/22?
6
Let l = -5096 - -9637. What is the thousands digit of l?
4
Suppose v - 3*q = 3*v - 35, 0 = -q + 3. What is the units digit of (-2)/(-4)*(1889 - v)?
8
Let u(l) = 60*l - 189. Suppose -55 = 15*z - 26*z. What is the units digit of u(z)?
1
Let t(v) be the third derivative of v**5/30 - 5*v**4/6 + 5*v**3/3 + 16*v**2. Let k be t(11). Let y = 42 - k. What is the tens digit of y?
1
Let x be ((-738)/(-30))/((-1)/(-10)). What is the units digit of (x/9*-5)/(4/(-6))?
5
Suppose 3*d - d = 316. Let g(i) = -5*i + 235. Let o be g(-16). Suppose -d*w + 163*w = o. What is the units digit of w?
3
Let h(m) = 11*m**2 + 2*m. Let k be h(-2). Suppose -4*d - d = k. Let x = d - -34. What is the tens digit of x?
2
Suppose 0 = -4*m - 4*s + 80, -4*m - 21*s + 25*s = -64. Let k(p) = 2*p**3 - 37*p**2 + 34*p + 26. What is the units digit of k(m)?
4
Let h = 49352 + -22307. What is the hundreds digit of h?
0
Let f = -9236 - -10841. What is the tens digit of f?
0
Let s(g) = 807*g**3 - g**2 - 2*g. Let y(l) = l**2 - 1. Let o(v) = -s(v) - 3*y(v). What is the tens digit of o(-1)?
0
Let w(d) = -213*d + 2942. What is the ten thousands digit of w(-44)?
1
Suppose -12*y = -4956 - 7788. Suppose -7*i + y + 303 = 0. What is the hundreds digit of i?
1
Suppose 3*r = -9*p - r + 46306, 5*r - 35 = 0. What is the tens digit of p?
4
Suppose -5*m + 617 = 5*h - 363, -m + 200 = 5*h. Let n = m + 185. What is the hundreds digit of n?
3
Let a = -39 + -12. Let c = a + 49. Let u(g) = 44*g**2 + 7*g + 4. What is the units digit of u(c)?
6
Let u = 202 + 37. Let l = 349 - u. Suppose 0 = 2*n + l - 360. What is the hundreds digit of n?
1
Suppose 7*t - 88139 + 11291 = -t. What is the tens digit of t?
0
Suppose 45 = 2*n + 35. Suppose 2*t - n = 5*t - 5*g, 3*t + 3 = 3*g. Suppose t = -4*z + 5*l + 793, -3*z - 3*l = l - 587. What is the units digit of z?
7
Let j be 2/4 + 1 - (-69966)/36. Suppose -2*g = 5*s - 0*s - j, s - 389 = 4*g. What is the units digit of s?
9
Suppose 118*t + 42*t = 1620640. What is the tens digit of t?
2
Let d(k) = -8*k + 6. Let r = 153 - 159. What is the tens digit of d(r)?
5
What is the tens digit of 2 + 12644 + -4 + 24*11/33?
5
Let q(p) = 90*p + 66. Let h be q(18). Let k = h + -937. What is the tens digit of k?
4
Suppose -1544*w + 1621*w = 2577960. What is the hundreds digit of w?
4
Let t(x) = 202*x**2 - 26*x + 54. What is the units digit of t(3)?
4
Suppose -3 = -5*u - 58. Let t(r) = 9 + 10*r - 36 - 14*r - 12*r. What is the tens digit of t(u)?
4
Let k(r) = 35*r**3 - 24*r**2 + 171*r + 10. What is the hundreds digit of k(7)?
0
Suppose -2*k - 3*u + 2 = 0, -u - 3*u = -2*k + 